{"id":794,"date":"2015-06-27T19:44:05","date_gmt":"2015-06-27T17:44:05","guid":{"rendered":"http:\/\/www.wordpress.vorarlberger-walservereinigung.at\/?page_id=794"},"modified":"2017-06-05T17:42:38","modified_gmt":"2017-06-05T15:42:38","slug":"walser-gemeinden-in-italien","status":"publish","type":"page","link":"https:\/\/www.vorarlberger-walservereinigung.at\/vwvwp\/walser-links\/andere-gemeinden\/walser-gemeinden-in-italien\/","title":{"rendered":"Walser Gemeinden in Italien"},"content":{"rendered":"<figure id=\"attachment_787\" aria-describedby=\"caption-attachment-787\" style=\"width: 300px\" class=\"wp-caption alignright\"><img loading=\"lazy\" decoding=\"async\" width=\"300\" height=\"225\" title=\"Alagna Valsesia\" class=\"wp-image-787 size-medium\" alt=\"Alagna Valsesia 2007\" src=\"https:\/\/www.vorarlberger-walservereinigung.at\/vwvwp\/wp-content\/uploads\/2015\/06\/cimg0077-300x225.jpg\" srcset=\"https:\/\/www.vorarlberger-walservereinigung.at\/vwvwp\/wp-content\/uploads\/2015\/06\/cimg0077-300x225.jpg 300w, https:\/\/www.vorarlberger-walservereinigung.at\/vwvwp\/wp-content\/uploads\/2015\/06\/cimg0077-150x113.jpg 150w, https:\/\/www.vorarlberger-walservereinigung.at\/vwvwp\/wp-content\/uploads\/2015\/06\/cimg0077.jpg 800w\" sizes=\"auto, (max-width: 300px) 100vw, 300px\" \/><figcaption id=\"caption-attachment-787\" class=\"wp-caption-text\">Alagna (&#8222;Im Land&#8220;) Valsesia<\/figcaption><\/figure>\n<p><img loading=\"lazy\" decoding=\"async\" width=\"100\" height=\"67\" class=\"alignleft size-full wp-image-848\" alt=\"italien_gr\" src=\"https:\/\/www.vorarlberger-walservereinigung.at\/vwvwp\/wp-content\/uploads\/2015\/06\/italien_gr.jpg\"><strong>Zur\u00fcck zu <a href=\"https:\/\/www.vorarlberger-walservereinigung.at\/vwvwp\/walser-links\/andere-gemeinden\/\" target=\"_top\">Andere Walser Gemeinden<\/a><\/strong><\/p>\n<p>Viele der Auswanderer aus dem Wallis verlie\u00dfen ihre Heimat in Richtung S\u00fcden und lie\u00dfen sich auf der italienischen Seite der Alpen nieder. Daher gibt es auch dort eine gro\u00dfe Zahl von Walsersiedlungen. Meist befinden sie sich in abgelegenen, zum Teil nur schwer erreichbaren Hocht\u00e4lern, wie das <!-- Links -->Formazza (Pomatt)\n<!-- \/Links --> oder&nbsp;<!-- Links -->Alagna\n<!-- \/Links -->. In vielen davon hat sich, beg\u00fcnstigt durch die isolierte Lage, der Walser Dialekt \u00fcber Jahrhunderte hinweg erhalten, wurde aber in den letzten Jahrzehnten mehr und mehr von der italienischen Sprache abgel\u00f6st. Erst in j\u00fcngster Zeit hat eine erfolgreiche Wiederbelebung des Walser Erbes begonnen.<\/p>\n<p>Eine Besonderheit stellt die Gemeinde <!-- Links -->Ornavasso\n<!-- \/Links --> (dt. Urnaf\u00e1sch) dar. Sie liegt auf nur 215m Meeresh\u00f6he und ist damit die tiefstgelegene aller Walsersiedlungen.<\/p>\n<!-- Links -->Alagna\n<!-- \/Links -->\n<p>&nbsp;<\/p>\n","protected":false},"excerpt":{"rendered":"<p>Alagna (&#8222;Im Land&#8220;) Valsesia Zur\u00fcck zu Andere Walser Gemeinden Viele der Auswanderer aus dem Wallis verlie\u00dfen ihre Heimat in Richtung S\u00fcden und lie\u00dfen sich auf der italienischen Seite der Alpen nieder. Daher gibt es auch dort eine gro\u00dfe Zahl von Walsersiedlungen. Meist befinden sie sich in abgelegenen, zum Teil nur schwer erreichbaren Hocht\u00e4lern, wie das [&#8230;]<\/p>\n","protected":false},"author":1,"featured_media":0,"parent":776,"menu_order":0,"comment_status":"closed","ping_status":"closed","template":"","meta":{"ngg_post_thumbnail":0,"footnotes":""},"superkategorien":[],"class_list":["post-794","page","type-page","status-publish","hentry"],"_links":{"self":[{"href":"https:\/\/www.vorarlberger-walservereinigung.at\/vwvwp\/wp-json\/wp\/v2\/pages\/794","targetHints":{"allow":["GET"]}}],"collection":[{"href":"https:\/\/www.vorarlberger-walservereinigung.at\/vwvwp\/wp-json\/wp\/v2\/pages"}],"about":[{"href":"https:\/\/www.vorarlberger-walservereinigung.at\/vwvwp\/wp-json\/wp\/v2\/types\/page"}],"author":[{"embeddable":true,"href":"https:\/\/www.vorarlberger-walservereinigung.at\/vwvwp\/wp-json\/wp\/v2\/users\/1"}],"replies":[{"embeddable":true,"href":"https:\/\/www.vorarlberger-walservereinigung.at\/vwvwp\/wp-json\/wp\/v2\/comments?post=794"}],"version-history":[{"count":13,"href":"https:\/\/www.vorarlberger-walservereinigung.at\/vwvwp\/wp-json\/wp\/v2\/pages\/794\/revisions"}],"predecessor-version":[{"id":12353,"href":"https:\/\/www.vorarlberger-walservereinigung.at\/vwvwp\/wp-json\/wp\/v2\/pages\/794\/revisions\/12353"}],"up":[{"embeddable":true,"href":"https:\/\/www.vorarlberger-walservereinigung.at\/vwvwp\/wp-json\/wp\/v2\/pages\/776"}],"wp:attachment":[{"href":"https:\/\/www.vorarlberger-walservereinigung.at\/vwvwp\/wp-json\/wp\/v2\/media?parent=794"}],"wp:term":[{"taxonomy":"superkategorien","embeddable":true,"href":"https:\/\/www.vorarlberger-walservereinigung.at\/vwvwp\/wp-json\/wp\/v2\/superkategorien?post=794"}],"curies":[{"name":"wp","href":"https:\/\/api.w.org\/{rel}","templated":true}]}}