{"id":19354,"date":"2024-08-12T16:38:41","date_gmt":"2024-08-12T14:38:41","guid":{"rendered":"https:\/\/www.vorarlberger-walservereinigung.at\/vwvwp\/?page_id=19354"},"modified":"2024-08-12T16:46:13","modified_gmt":"2024-08-12T14:46:13","slug":"veranstaltungen","status":"publish","type":"page","link":"https:\/\/www.vorarlberger-walservereinigung.at\/vwvwp\/veranstaltungen\/","title":{"rendered":"Veranstaltungen"},"content":{"rendered":"<ul  class=\"eo-events eo-events-shortcode\"><li class=\"eo-event-venue-damuels eo-event-cat-gemeinden eo-event-tag-jahresversammlung eo-event-tag-kirchentag eo-event-tag-walser-trifft-walser eo-event-future\"><\/p>\n<h3><a href=\"https:\/\/www.vorarlberger-walservereinigung.at\/vwvwp\/events\/event\/walser-trifft-walser-7\/\">Walser trifft Walser<\/a><\/h3>\n<table>\n<tr>\n<td><img width=\"150\" height=\"150\" src=\"https:\/\/www.vorarlberger-walservereinigung.at\/vwvwp\/wp-content\/uploads\/2025\/12\/DSC_1910-150x150.jpg\" class=\"attachment-thumbnail size-thumbnail wp-post-image\" alt=\"Dam\u00fcls (c) Monika Bischof\" srcset=\"https:\/\/www.vorarlberger-walservereinigung.at\/vwvwp\/wp-content\/uploads\/2025\/12\/DSC_1910-150x150.jpg 150w, https:\/\/www.vorarlberger-walservereinigung.at\/vwvwp\/wp-content\/uploads\/2025\/12\/DSC_1910-600x600.jpg 600w, https:\/\/www.vorarlberger-walservereinigung.at\/vwvwp\/wp-content\/uploads\/2025\/12\/DSC_1910-scaled-266x266.jpg 266w, https:\/\/www.vorarlberger-walservereinigung.at\/vwvwp\/wp-content\/uploads\/2025\/12\/DSC_1910-scaled-200x200.jpg 200w, https:\/\/www.vorarlberger-walservereinigung.at\/vwvwp\/wp-content\/uploads\/2025\/12\/DSC_1910-scaled-60x60.jpg 60w\" sizes=\"(max-width: 150px) 100vw, 150px\" \/><\/td>\n<td>DATUM: 7. Juni 2026 9:00 <br \/>ORT: Dam\u00fcls<\/td>\n<\/tr>\n<\/table>\n<p>Walser trifft Walser &#8211; Kirchentag und Jahresversammlung der Vorarlberger Walservereinigung Sonntag, 7. Juni 2026 in Dam\u00fcls&nbsp; Gottesdienst in der Pfarrkirche St. Nikolaus in Dam\u00fcls Agape, umrahmt durch den Musikverein Alpenkl\u00e4nge Dam\u00fcls&nbsp; Mittagessen im Hotel Gasthof Adler Dam\u00fcls Nachmittagsprogramm \/ Besichtigung Ausklang bei Kaffee und Kuchen im Hotel Mittagspitze Dam\u00fcls&nbsp; &nbsp;<\/p>\n<p><a href=\"https:\/\/www.vorarlberger-walservereinigung.at\/vwvwp\/events\/category\/gemeinden\/\" rel=\"tag\">19 Walsergemeinden<\/a><\/p>\n<p><\/li><li class=\"eo-event-venue-talstation-seilbahnen-sonntag eo-event-cat-gemeinden eo-event-tag-gefuehrte-wanderung eo-event-tag-walserweg-vorarlberg eo-event-future eo-multi-day\"><\/p>\n<h3><a href=\"https:\/\/www.vorarlberger-walservereinigung.at\/vwvwp\/events\/event\/walserweg-vorarlberg\/\">Walserweg Vorarlberg<\/a><\/h3>\n<table>\n<tr>\n<td><img width=\"150\" height=\"150\" src=\"https:\/\/www.vorarlberger-walservereinigung.at\/vwvwp\/wp-content\/uploads\/2025\/12\/DSC_0885kl-150x150.jpg\" class=\"attachment-thumbnail size-thumbnail wp-post-image\" alt=\"Alpe Laguz (c) Monika Bischof\" srcset=\"https:\/\/www.vorarlberger-walservereinigung.at\/vwvwp\/wp-content\/uploads\/2025\/12\/DSC_0885kl-150x150.jpg 150w, https:\/\/www.vorarlberger-walservereinigung.at\/vwvwp\/wp-content\/uploads\/2025\/12\/DSC_0885kl-600x600.jpg 600w, https:\/\/www.vorarlberger-walservereinigung.at\/vwvwp\/wp-content\/uploads\/2025\/12\/DSC_0885kl-scaled-266x266.jpg 266w, https:\/\/www.vorarlberger-walservereinigung.at\/vwvwp\/wp-content\/uploads\/2025\/12\/DSC_0885kl-scaled-200x200.jpg 200w, https:\/\/www.vorarlberger-walservereinigung.at\/vwvwp\/wp-content\/uploads\/2025\/12\/DSC_0885kl-scaled-60x60.jpg 60w\" sizes=\"(max-width: 150px) 100vw, 150px\" \/><\/td>\n<td>DATUM: 22. Juni 2026 21:00 <br \/>ORT: Talstation Seilbahnen Sonntag<\/td>\n<\/tr>\n<\/table>\n<p>Vom Montag, 22. bis zum Mittwoch, 24. Juni 2026 l\u00e4dt die Vorarlberger Walservereinigung (VWV) zur gef\u00fchrten Wanderung. Wir erwandern die Etappen 21 bis 19 \u2013 mit abge\u00e4ndertem Ausgangspunkt \u2013 des Kulturwanderf\u00fchrers \u201eWalserweg Vorarlberg\u201c. Mo, 22. Juni: Talstation Seilbahnen Sonntag \u2013 Bergfahrt mit der Gondelbahn \u2013 Alpen Unter- und Oberpartnom \u2013 Garmil &#8211; Laguzalpe \u2013 In...<\/p>\n<p><a href=\"https:\/\/www.vorarlberger-walservereinigung.at\/vwvwp\/events\/category\/gemeinden\/\" rel=\"tag\">19 Walsergemeinden<\/a><\/p>\n<p><\/li><li class=\"eo-event-venue-lech eo-event-cat-gemeinden eo-event-tag-walser-golfturnier eo-event-future eo-all-day\"><\/p>\n<h3><a href=\"https:\/\/www.vorarlberger-walservereinigung.at\/vwvwp\/events\/event\/7-walser-golfturnier\/\">7. Walser Golfturnier<\/a><\/h3>\n<table>\n<tr>\n<td><img width=\"150\" height=\"150\" src=\"https:\/\/www.vorarlberger-walservereinigung.at\/vwvwp\/wp-content\/uploads\/2025\/10\/6326-Golf_LZTG_by_Daniel-Zangerl_WEB_-17-150x150.jpg\" class=\"attachment-thumbnail size-thumbnail wp-post-image\" alt=\"Golfclub Lech Z\u00fcrs am Arlberg, @Daniel Zangerl\" srcset=\"https:\/\/www.vorarlberger-walservereinigung.at\/vwvwp\/wp-content\/uploads\/2025\/10\/6326-Golf_LZTG_by_Daniel-Zangerl_WEB_-17-150x150.jpg 150w, https:\/\/www.vorarlberger-walservereinigung.at\/vwvwp\/wp-content\/uploads\/2025\/10\/6326-Golf_LZTG_by_Daniel-Zangerl_WEB_-17-600x600.jpg 600w, https:\/\/www.vorarlberger-walservereinigung.at\/vwvwp\/wp-content\/uploads\/2025\/10\/6326-Golf_LZTG_by_Daniel-Zangerl_WEB_-17-266x266.jpg 266w, https:\/\/www.vorarlberger-walservereinigung.at\/vwvwp\/wp-content\/uploads\/2025\/10\/6326-Golf_LZTG_by_Daniel-Zangerl_WEB_-17-200x200.jpg 200w, https:\/\/www.vorarlberger-walservereinigung.at\/vwvwp\/wp-content\/uploads\/2025\/10\/6326-Golf_LZTG_by_Daniel-Zangerl_WEB_-17-60x60.jpg 60w\" sizes=\"(max-width: 150px) 100vw, 150px\" \/><\/td>\n<td>DATUM: 27. Juni 2026 <br \/>ORT: Lech<\/td>\n<\/tr>\n<\/table>\n<p>Alle Walserinnen, Walser und Mitglieder der Walser Golfclubs sind herzlich zum 7. Walser Golfturnier am Samstag den 27. Juni 2026 nach Lech eingeladen. Ort: Golfclub Lech am Arlberg www.golf-arlberg.at Das Programm sowie die Anmeldeinformationen folgen.&nbsp; Foto: @Daniel Zangerl<\/p>\n<p><a href=\"https:\/\/www.vorarlberger-walservereinigung.at\/vwvwp\/events\/category\/gemeinden\/\" rel=\"tag\">19 Walsergemeinden<\/a><\/p>\n<p><\/li><li class=\"eo-event-cat-nachbarn eo-event-future eo-multi-day eo-all-day\"><\/p>\n<h3><a href=\"https:\/\/www.vorarlberger-walservereinigung.at\/vwvwp\/events\/event\/internationale-walserspiele-2026\/\">Internationale Walserspiele 2026<\/a><\/h3>\n<table>\n<tr>\n<td><img width=\"150\" height=\"150\" src=\"https:\/\/www.vorarlberger-walservereinigung.at\/vwvwp\/wp-content\/uploads\/2026\/02\/walserspiele-150x150.jpg\" class=\"attachment-thumbnail size-thumbnail wp-post-image\" alt=\"Walserspiele (c) Veranstalter\" srcset=\"https:\/\/www.vorarlberger-walservereinigung.at\/vwvwp\/wp-content\/uploads\/2026\/02\/walserspiele-150x150.jpg 150w, https:\/\/www.vorarlberger-walservereinigung.at\/vwvwp\/wp-content\/uploads\/2026\/02\/walserspiele-266x266.jpg 266w, https:\/\/www.vorarlberger-walservereinigung.at\/vwvwp\/wp-content\/uploads\/2026\/02\/walserspiele-200x200.jpg 200w, https:\/\/www.vorarlberger-walservereinigung.at\/vwvwp\/wp-content\/uploads\/2026\/02\/walserspiele-60x60.jpg 60w\" sizes=\"(max-width: 150px) 100vw, 150px\" \/><\/td>\n<td>DATUM: 18. September 2026 <br \/>ORT: <\/td>\n<\/tr>\n<\/table>\n<p>Die Internationalen Walserspiele 2026 werden am 19. September 2026 in Ornavasso (I) ausgetragen.&nbsp; Save the date:&nbsp; Anreise und Registration am Freitag 18. September 2026&nbsp;&nbsp; Samstag 19. September 2026 wird gespielt&nbsp;<\/p>\n<p><a href=\"https:\/\/www.vorarlberger-walservereinigung.at\/vwvwp\/events\/category\/nachbarn\/\" rel=\"tag\">Walser und ihre Nachbarn<\/a><\/p>\n<p><\/li><\/ul>\n","protected":false},"excerpt":{"rendered":"<p>Die Internationalen Walserspiele 2026 werden am 19. September 2026 in Ornavasso (I) ausgetragen.&nbsp; Save the date:&nbsp; Anreise und Registration am Freitag 18. September 2026&nbsp;&nbsp; Samstag 19. September 2026 wird gespielt&nbsp;<\/p>\n","protected":false},"author":1,"featured_media":0,"parent":0,"menu_order":0,"comment_status":"closed","ping_status":"closed","template":"","meta":{"ngg_post_thumbnail":0,"footnotes":""},"superkategorien":[],"class_list":["post-19354","page","type-page","status-publish","hentry"],"_links":{"self":[{"href":"https:\/\/www.vorarlberger-walservereinigung.at\/vwvwp\/wp-json\/wp\/v2\/pages\/19354","targetHints":{"allow":["GET"]}}],"collection":[{"href":"https:\/\/www.vorarlberger-walservereinigung.at\/vwvwp\/wp-json\/wp\/v2\/pages"}],"about":[{"href":"https:\/\/www.vorarlberger-walservereinigung.at\/vwvwp\/wp-json\/wp\/v2\/types\/page"}],"author":[{"embeddable":true,"href":"https:\/\/www.vorarlberger-walservereinigung.at\/vwvwp\/wp-json\/wp\/v2\/users\/1"}],"replies":[{"embeddable":true,"href":"https:\/\/www.vorarlberger-walservereinigung.at\/vwvwp\/wp-json\/wp\/v2\/comments?post=19354"}],"version-history":[{"count":1,"href":"https:\/\/www.vorarlberger-walservereinigung.at\/vwvwp\/wp-json\/wp\/v2\/pages\/19354\/revisions"}],"predecessor-version":[{"id":19355,"href":"https:\/\/www.vorarlberger-walservereinigung.at\/vwvwp\/wp-json\/wp\/v2\/pages\/19354\/revisions\/19355"}],"wp:attachment":[{"href":"https:\/\/www.vorarlberger-walservereinigung.at\/vwvwp\/wp-json\/wp\/v2\/media?parent=19354"}],"wp:term":[{"taxonomy":"superkategorien","embeddable":true,"href":"https:\/\/www.vorarlberger-walservereinigung.at\/vwvwp\/wp-json\/wp\/v2\/superkategorien?post=19354"}],"curies":[{"name":"wp","href":"https:\/\/api.w.org\/{rel}","templated":true}]}}

<ul  class="eo-events eo-events-shortcode"><li class="eo-event-venue-damuels eo-event-cat-gemeinden eo-event-tag-jahresversammlung eo-event-tag-kirchentag eo-event-tag-walser-trifft-walser eo-event-future"></p>
<h3><a href="https://www.vorarlberger-walservereinigung.at/vwvwp/events/event/walser-trifft-walser-7/">Walser trifft Walser</a></h3>
<table>
<tr>
<td><img width="150" height="150" src="https://www.vorarlberger-walservereinigung.at/vwvwp/wp-content/uploads/2025/12/DSC_1910-150x150.jpg" class="attachment-thumbnail size-thumbnail wp-post-image" alt="Damüls (c) Monika Bischof" srcset="https://www.vorarlberger-walservereinigung.at/vwvwp/wp-content/uploads/2025/12/DSC_1910-150x150.jpg 150w, https://www.vorarlberger-walservereinigung.at/vwvwp/wp-content/uploads/2025/12/DSC_1910-600x600.jpg 600w, https://www.vorarlberger-walservereinigung.at/vwvwp/wp-content/uploads/2025/12/DSC_1910-scaled-266x266.jpg 266w, https://www.vorarlberger-walservereinigung.at/vwvwp/wp-content/uploads/2025/12/DSC_1910-scaled-200x200.jpg 200w, https://www.vorarlberger-walservereinigung.at/vwvwp/wp-content/uploads/2025/12/DSC_1910-scaled-60x60.jpg 60w" sizes="(max-width: 150px) 100vw, 150px" /></td>
<td>DATUM: 7. Juni 2026 9:00 <br />ORT: Damüls</td>
</tr>
</table>
<p>Walser trifft Walser &#8211; Kirchentag und Jahresversammlung der Vorarlberger Walservereinigung Sonntag, 7. Juni 2026 in Damüls&nbsp; Gottesdienst in der Pfarrkirche St. Nikolaus in Damüls Agape, umrahmt durch den Musikverein Alpenklänge Damüls&nbsp; Mittagessen im Hotel Gasthof Adler Damüls Nachmittagsprogramm / Besichtigung Ausklang bei Kaffee und Kuchen im Hotel Mittagspitze Damüls&nbsp; &nbsp;</p>
<p><a href="https://www.vorarlberger-walservereinigung.at/vwvwp/events/category/gemeinden/" rel="tag">19 Walsergemeinden</a></p>
<p></li><li class="eo-event-venue-talstation-seilbahnen-sonntag eo-event-cat-gemeinden eo-event-tag-gefuehrte-wanderung eo-event-tag-walserweg-vorarlberg eo-event-future eo-multi-day"></p>
<h3><a href="https://www.vorarlberger-walservereinigung.at/vwvwp/events/event/walserweg-vorarlberg/">Walserweg Vorarlberg</a></h3>
<table>
<tr>
<td><img width="150" height="150" src="https://www.vorarlberger-walservereinigung.at/vwvwp/wp-content/uploads/2025/12/DSC_0885kl-150x150.jpg" class="attachment-thumbnail size-thumbnail wp-post-image" alt="Alpe Laguz (c) Monika Bischof" srcset="https://www.vorarlberger-walservereinigung.at/vwvwp/wp-content/uploads/2025/12/DSC_0885kl-150x150.jpg 150w, https://www.vorarlberger-walservereinigung.at/vwvwp/wp-content/uploads/2025/12/DSC_0885kl-600x600.jpg 600w, https://www.vorarlberger-walservereinigung.at/vwvwp/wp-content/uploads/2025/12/DSC_0885kl-scaled-266x266.jpg 266w, https://www.vorarlberger-walservereinigung.at/vwvwp/wp-content/uploads/2025/12/DSC_0885kl-scaled-200x200.jpg 200w, https://www.vorarlberger-walservereinigung.at/vwvwp/wp-content/uploads/2025/12/DSC_0885kl-scaled-60x60.jpg 60w" sizes="(max-width: 150px) 100vw, 150px" /></td>
<td>DATUM: 22. Juni 2026 21:00 <br />ORT: Talstation Seilbahnen Sonntag</td>
</tr>
</table>
<p>Vom Montag, 22. bis zum Mittwoch, 24. Juni 2026 lädt die Vorarlberger Walservereinigung (VWV) zur geführten Wanderung. Wir erwandern die Etappen 21 bis 19 – mit abgeändertem Ausgangspunkt – des Kulturwanderführers „Walserweg Vorarlberg“. Mo, 22. Juni: Talstation Seilbahnen Sonntag – Bergfahrt mit der Gondelbahn – Alpen Unter- und Oberpartnom – Garmil &#8211; Laguzalpe – In...</p>
<p><a href="https://www.vorarlberger-walservereinigung.at/vwvwp/events/category/gemeinden/" rel="tag">19 Walsergemeinden</a></p>
<p></li><li class="eo-event-venue-lech eo-event-cat-gemeinden eo-event-tag-walser-golfturnier eo-event-future eo-all-day"></p>
<h3><a href="https://www.vorarlberger-walservereinigung.at/vwvwp/events/event/7-walser-golfturnier/">7. Walser Golfturnier</a></h3>
<table>
<tr>
<td><img width="150" height="150" src="https://www.vorarlberger-walservereinigung.at/vwvwp/wp-content/uploads/2025/10/6326-Golf_LZTG_by_Daniel-Zangerl_WEB_-17-150x150.jpg" class="attachment-thumbnail size-thumbnail wp-post-image" alt="Golfclub Lech Zürs am Arlberg, @Daniel Zangerl" srcset="https://www.vorarlberger-walservereinigung.at/vwvwp/wp-content/uploads/2025/10/6326-Golf_LZTG_by_Daniel-Zangerl_WEB_-17-150x150.jpg 150w, https://www.vorarlberger-walservereinigung.at/vwvwp/wp-content/uploads/2025/10/6326-Golf_LZTG_by_Daniel-Zangerl_WEB_-17-600x600.jpg 600w, https://www.vorarlberger-walservereinigung.at/vwvwp/wp-content/uploads/2025/10/6326-Golf_LZTG_by_Daniel-Zangerl_WEB_-17-266x266.jpg 266w, https://www.vorarlberger-walservereinigung.at/vwvwp/wp-content/uploads/2025/10/6326-Golf_LZTG_by_Daniel-Zangerl_WEB_-17-200x200.jpg 200w, https://www.vorarlberger-walservereinigung.at/vwvwp/wp-content/uploads/2025/10/6326-Golf_LZTG_by_Daniel-Zangerl_WEB_-17-60x60.jpg 60w" sizes="(max-width: 150px) 100vw, 150px" /></td>
<td>DATUM: 27. Juni 2026 <br />ORT: Lech</td>
</tr>
</table>
<p>Alle Walserinnen, Walser und Mitglieder der Walser Golfclubs sind herzlich zum 7. Walser Golfturnier am Samstag den 27. Juni 2026 nach Lech eingeladen. Ort: Golfclub Lech am Arlberg www.golf-arlberg.at Das Programm sowie die Anmeldeinformationen folgen.&nbsp; Foto: @Daniel Zangerl</p>
<p><a href="https://www.vorarlberger-walservereinigung.at/vwvwp/events/category/gemeinden/" rel="tag">19 Walsergemeinden</a></p>
<p></li><li class="eo-event-cat-nachbarn eo-event-future eo-multi-day eo-all-day"></p>
<h3><a href="https://www.vorarlberger-walservereinigung.at/vwvwp/events/event/internationale-walserspiele-2026/">Internationale Walserspiele 2026</a></h3>
<table>
<tr>
<td><img width="150" height="150" src="https://www.vorarlberger-walservereinigung.at/vwvwp/wp-content/uploads/2026/02/walserspiele-150x150.jpg" class="attachment-thumbnail size-thumbnail wp-post-image" alt="Walserspiele (c) Veranstalter" srcset="https://www.vorarlberger-walservereinigung.at/vwvwp/wp-content/uploads/2026/02/walserspiele-150x150.jpg 150w, https://www.vorarlberger-walservereinigung.at/vwvwp/wp-content/uploads/2026/02/walserspiele-266x266.jpg 266w, https://www.vorarlberger-walservereinigung.at/vwvwp/wp-content/uploads/2026/02/walserspiele-200x200.jpg 200w, https://www.vorarlberger-walservereinigung.at/vwvwp/wp-content/uploads/2026/02/walserspiele-60x60.jpg 60w" sizes="(max-width: 150px) 100vw, 150px" /></td>
<td>DATUM: 18. September 2026 <br />ORT: </td>
</tr>
</table>
<p>Die Internationalen Walserspiele 2026 werden am 19. September 2026 in Ornavasso (I) ausgetragen.&nbsp; Save the date:&nbsp; Anreise und Registration am Freitag 18. September 2026&nbsp;&nbsp; Samstag 19. September 2026 wird gespielt&nbsp;</p>
<p><a href="https://www.vorarlberger-walservereinigung.at/vwvwp/events/category/nachbarn/" rel="tag">Walser und ihre Nachbarn</a></p>
<p></li></ul>
