{"id":18890,"date":"2024-03-06T15:57:56","date_gmt":"2024-03-06T14:57:56","guid":{"rendered":"https:\/\/www.vorarlberger-walservereinigung.at\/vwvwp\/?page_id=18890"},"modified":"2025-02-19T11:05:16","modified_gmt":"2025-02-19T10:05:16","slug":"redaktion","status":"publish","type":"page","link":"https:\/\/www.vorarlberger-walservereinigung.at\/vwvwp\/redaktion\/","title":{"rendered":"Redaktion"},"content":{"rendered":"\n<h2 class=\"wp-block-heading\">Chefredakteur<\/h2>\n\n\n\n<div class=\"wp-block-group has-background\" style=\"background-color:#c5c5c5\"><div class=\"wp-block-group__inner-container is-layout-constrained wp-block-group-is-layout-constrained\">\n<div class=\"wp-block-media-text is-stacked-on-mobile\" style=\"grid-template-columns:17% auto\"><figure class=\"wp-block-media-text__media\"><img loading=\"lazy\" decoding=\"async\" width=\"150\" height=\"200\" src=\"https:\/\/www.vorarlberger-walservereinigung.at\/vwvwp\/wp-content\/uploads\/2023\/10\/Jodok_Mueller_150x200.jpg\" alt=\"Jodok M\u00fcller\" class=\"wp-image-16886 size-full\" srcset=\"https:\/\/www.vorarlberger-walservereinigung.at\/vwvwp\/wp-content\/uploads\/2023\/10\/Jodok_Mueller_150x200.jpg 150w, https:\/\/www.vorarlberger-walservereinigung.at\/vwvwp\/wp-content\/uploads\/2023\/10\/Jodok_Mueller_150x200-113x150.jpg 113w\" sizes=\"auto, (max-width: 150px) 100vw, 150px\" \/><\/figure><div class=\"wp-block-media-text__content\">\n<h2 class=\"wp-block-heading\">Jodok M\u00fcller B.A.<\/h2>\n\n\n\n<p>K\u00f6pfleweg 7<br>A-6991 Riezlern<br>Tel. +43 5517 5677<br>walserheimat@aon.at<\/p>\n<\/div><\/div>\n\n\n\n<p>Jodok ist seit dem Sommer 2011 Chefredakteur der Walserheimat. Man trifft ihn oft in den Walser Bergen und im Winter in der Loipe.<\/p>\n<\/div><\/div>\n\n\n\n<hr class=\"wp-block-separator has-alpha-channel-opacity\"\/>\n\n\n\n<h2 class=\"wp-block-heading\">Redakteure<\/h2>\n\n\n\n<div class=\"wp-block-group\"><div class=\"wp-block-group__inner-container is-layout-constrained wp-block-group-is-layout-constrained\">\n<div class=\"wp-block-media-text is-stacked-on-mobile\" style=\"grid-template-columns:17% auto\"><figure class=\"wp-block-media-text__media\"><img loading=\"lazy\" decoding=\"async\" width=\"150\" height=\"200\" src=\"https:\/\/www.vorarlberger-walservereinigung.at\/vwvwp\/wp-content\/uploads\/2023\/10\/Monika_Bischof-150x200-1.jpg\" alt=\"Monika Bischof\" class=\"wp-image-16888 size-full\" srcset=\"https:\/\/www.vorarlberger-walservereinigung.at\/vwvwp\/wp-content\/uploads\/2023\/10\/Monika_Bischof-150x200-1.jpg 150w, https:\/\/www.vorarlberger-walservereinigung.at\/vwvwp\/wp-content\/uploads\/2023\/10\/Monika_Bischof-150x200-1-113x150.jpg 113w\" sizes=\"auto, (max-width: 150px) 100vw, 150px\" \/><\/figure><div class=\"wp-block-media-text__content\">\n<h2 class=\"wp-block-heading\">Monika Bischof<\/h2>\n\n\n\n<p>Buchholz 4<br>6731 Sonntag<br>T: +43 664 8916117<br>M: monika@vorarlberger-walservereinigung.at<\/p>\n<\/div><\/div>\n\n\n\n<p>Monika ist Projektassistentin im Biosph\u00e4renpark Management, betreut Schullandwochen und ist Wanderf\u00fchrerin im Gro\u00dfen Walsertal, wandert, fotografiert und liest gerne,\u2026<\/p>\n<\/div><\/div>\n\n\n\n<hr class=\"wp-block-separator has-alpha-channel-opacity\"\/>\n\n\n\n<div class=\"wp-block-group has-background\" style=\"background-color:#c5c5c5\"><div class=\"wp-block-group__inner-container is-layout-constrained wp-block-group-is-layout-constrained\">\n<div class=\"wp-block-media-text is-stacked-on-mobile\" style=\"grid-template-columns:17% auto\"><figure class=\"wp-block-media-text__media\"><img loading=\"lazy\" decoding=\"async\" width=\"130\" height=\"152\" src=\"https:\/\/www.vorarlberger-walservereinigung.at\/vwvwp\/wp-content\/uploads\/2015\/07\/bieliane.jpg\" alt=\"\" class=\"wp-image-1175 size-full\" srcset=\"https:\/\/www.vorarlberger-walservereinigung.at\/vwvwp\/wp-content\/uploads\/2015\/07\/bieliane.jpg 130w, https:\/\/www.vorarlberger-walservereinigung.at\/vwvwp\/wp-content\/uploads\/2015\/07\/bieliane-128x150.jpg 128w\" sizes=\"auto, (max-width: 130px) 100vw, 130px\" \/><\/figure><div class=\"wp-block-media-text__content\">\n<h2 class=\"wp-block-heading\">Eliane Fritz<\/h2>\n\n\n\n<p>St\u00fctze 9<br>A-6993 Mittelberg<br>Mobil +43 650 590 4174<br>eliane911@gmx.d<a href=\"mailto:eliane911@gmx.de\">e<\/a><\/p>\n<\/div><\/div>\n\n\n\n<p>Lehrerin Mittel- und Realschule sowie F\u00f6rderschule. Hobbies: Gedichte schreiben, Sprache und Sprachen, Kunst und Kultur, Fotografieren, Natur<\/p>\n\n\n\n<blockquote class=\"wp-block-quote is-layout-flow wp-block-quote-is-layout-flow\">\n<p><em>\u2026mir gfalled buachschtaaba ond was eifache w\u00f6rtr s\u00e4\u00e4ga k\u00f6nned. i mag bsondre texte, bsondre bildle ond bsondre walserheimatheftle. i mischl g\u00e4\u00e4ra kreativ mit, w\u00e4nn mr n\u00e4mmes eefallt \ud83d\ude42 walser wurzla mached schtarch, pfl\u00e4nzle waggsa bis i ds d\u00fc\u00fctsche usse. des ischt guat. mal luaga, ob dia pfl\u00e4nzle au allei bl\u00fc\u00fca k\u00f6nned\u2026<\/em><\/p>\n<\/blockquote>\n<\/div><\/div>\n\n\n\n<hr class=\"wp-block-separator has-alpha-channel-opacity\"\/>\n\n\n\n<div class=\"wp-block-media-text is-stacked-on-mobile\" style=\"grid-template-columns:17% auto\"><figure class=\"wp-block-media-text__media\"><img loading=\"lazy\" decoding=\"async\" width=\"120\" height=\"150\" src=\"https:\/\/www.vorarlberger-walservereinigung.at\/vwvwp\/wp-content\/uploads\/2017\/01\/avatar.jpg\" alt=\"\" class=\"wp-image-10531 size-full\"\/><\/figure><div class=\"wp-block-media-text__content\">\n<h2 class=\"wp-block-heading\">Birgit Heinrich<\/h2>\n\n\n\n<p>Dorf 26<br>A-6764 Lech<br>T: +43 5583 2213-243<br>M: birgit.heinrich@gemeinde.lech.at<\/p>\n<\/div><\/div>\n\n\n\n<hr class=\"wp-block-separator has-alpha-channel-opacity\"\/>\n\n\n\n<div class=\"wp-block-group has-background\" style=\"background-color:#c5c5c5\"><div class=\"wp-block-group__inner-container is-layout-constrained wp-block-group-is-layout-constrained\">\n<div class=\"wp-block-media-text is-stacked-on-mobile\" style=\"grid-template-columns:17% auto\"><figure class=\"wp-block-media-text__media\"><img loading=\"lazy\" decoding=\"async\" width=\"180\" height=\"244\" src=\"https:\/\/www.vorarlberger-walservereinigung.at\/vwvwp\/wp-content\/uploads\/2015\/07\/biamanda.jpg\" alt=\"\" class=\"wp-image-1170 size-full\" srcset=\"https:\/\/www.vorarlberger-walservereinigung.at\/vwvwp\/wp-content\/uploads\/2015\/07\/biamanda.jpg 180w, https:\/\/www.vorarlberger-walservereinigung.at\/vwvwp\/wp-content\/uploads\/2015\/07\/biamanda-111x150.jpg 111w\" sizes=\"auto, (max-width: 180px) 100vw, 180px\" \/><\/figure><div class=\"wp-block-media-text__content\">\n<h2 class=\"wp-block-heading\">Amanda Nesensohn<\/h2>\n\n\n\n<p>Bonacker 69<br>A-6830 Laterns<br>Tel. +43 5526 288<br>matt.nesensohn@vol.at<\/p>\n<\/div><\/div>\n\n\n\n<p>Amanda ist Sonderschullehrerin. Ihre Hobbies: Lesen, Handarbeiten, Wandern, Skifahren.<\/p>\n\n\n\n<blockquote class=\"wp-block-quote is-layout-flow wp-block-quote-is-layout-flow\">\n<p><em>\u201eWalserin zu sein ist mir wichtig. Es ist gut, Wurzeln zu haben und gemeinsam weiter zu denken und zu erz\u00e4hlen, wie es war und wie es werden k\u00f6nnte.\u201c<\/em><\/p>\n<\/blockquote>\n<\/div><\/div>\n\n\n\n<hr class=\"wp-block-separator has-alpha-channel-opacity\"\/>\n\n\n\n<div class=\"wp-block-media-text is-stacked-on-mobile\" style=\"grid-template-columns:17% auto\"><figure class=\"wp-block-media-text__media\"><img loading=\"lazy\" decoding=\"async\" width=\"150\" height=\"200\" src=\"https:\/\/www.vorarlberger-walservereinigung.at\/vwvwp\/wp-content\/uploads\/2023\/10\/Hubert_Sele_150x200.jpg\" alt=\"Huber Sele\" class=\"wp-image-16945 size-full\" srcset=\"https:\/\/www.vorarlberger-walservereinigung.at\/vwvwp\/wp-content\/uploads\/2023\/10\/Hubert_Sele_150x200.jpg 150w, https:\/\/www.vorarlberger-walservereinigung.at\/vwvwp\/wp-content\/uploads\/2023\/10\/Hubert_Sele_150x200-113x150.jpg 113w\" sizes=\"auto, (max-width: 150px) 100vw, 150px\" \/><\/figure><div class=\"wp-block-media-text__content\">\n<h2 class=\"wp-block-heading\">Hubert Sele<\/h2>\n\n\n\n<p>Rotenbodenstrasse 160<br>LI 9497 Triesenberg<br>M: hubert.sele@adon.li<\/p>\n<\/div><\/div>\n","protected":false},"excerpt":{"rendered":"<p>Chefredakteur Jodok M\u00fcller B.A. K\u00f6pfleweg 7A-6991 RiezlernTel. +43 5517 5677walserheimat@aon.at Jodok ist seit dem Sommer 2011 Chefredakteur der Walserheimat. Man trifft ihn oft in den Walser Bergen und im Winter in der Loipe. Redakteure Monika Bischof Buchholz 46731 SonntagT: +43 664 8916117M: monika@vorarlberger-walservereinigung.at Monika ist Projektassistentin im Biosph\u00e4renpark Management, betreut Schullandwochen und ist Wanderf\u00fchrerin im [&#8230;]<\/p>\n","protected":false},"author":1,"featured_media":0,"parent":0,"menu_order":0,"comment_status":"closed","ping_status":"closed","template":"","meta":{"ngg_post_thumbnail":0,"footnotes":""},"superkategorien":[],"class_list":["post-18890","page","type-page","status-publish","hentry"],"_links":{"self":[{"href":"https:\/\/www.vorarlberger-walservereinigung.at\/vwvwp\/wp-json\/wp\/v2\/pages\/18890","targetHints":{"allow":["GET"]}}],"collection":[{"href":"https:\/\/www.vorarlberger-walservereinigung.at\/vwvwp\/wp-json\/wp\/v2\/pages"}],"about":[{"href":"https:\/\/www.vorarlberger-walservereinigung.at\/vwvwp\/wp-json\/wp\/v2\/types\/page"}],"author":[{"embeddable":true,"href":"https:\/\/www.vorarlberger-walservereinigung.at\/vwvwp\/wp-json\/wp\/v2\/users\/1"}],"replies":[{"embeddable":true,"href":"https:\/\/www.vorarlberger-walservereinigung.at\/vwvwp\/wp-json\/wp\/v2\/comments?post=18890"}],"version-history":[{"count":10,"href":"https:\/\/www.vorarlberger-walservereinigung.at\/vwvwp\/wp-json\/wp\/v2\/pages\/18890\/revisions"}],"predecessor-version":[{"id":19563,"href":"https:\/\/www.vorarlberger-walservereinigung.at\/vwvwp\/wp-json\/wp\/v2\/pages\/18890\/revisions\/19563"}],"wp:attachment":[{"href":"https:\/\/www.vorarlberger-walservereinigung.at\/vwvwp\/wp-json\/wp\/v2\/media?parent=18890"}],"wp:term":[{"taxonomy":"superkategorien","embeddable":true,"href":"https:\/\/www.vorarlberger-walservereinigung.at\/vwvwp\/wp-json\/wp\/v2\/superkategorien?post=18890"}],"curies":[{"name":"wp","href":"https:\/\/api.w.org\/{rel}","templated":true}]}}

<h2 class="wp-block-heading">Chefredakteur</h2>



<div class="wp-block-group has-background" style="background-color:#c5c5c5"><div class="wp-block-group__inner-container is-layout-constrained wp-block-group-is-layout-constrained">
<div class="wp-block-media-text is-stacked-on-mobile" style="grid-template-columns:17% auto"><figure class="wp-block-media-text__media"><img loading="lazy" decoding="async" width="150" height="200" src="https://www.vorarlberger-walservereinigung.at/vwvwp/wp-content/uploads/2023/10/Jodok_Mueller_150x200.jpg" alt="Jodok Müller" class="wp-image-16886 size-full" srcset="https://www.vorarlberger-walservereinigung.at/vwvwp/wp-content/uploads/2023/10/Jodok_Mueller_150x200.jpg 150w, https://www.vorarlberger-walservereinigung.at/vwvwp/wp-content/uploads/2023/10/Jodok_Mueller_150x200-113x150.jpg 113w" sizes="auto, (max-width: 150px) 100vw, 150px" /></figure><div class="wp-block-media-text__content">
<h2 class="wp-block-heading">Jodok Müller B.A.</h2>



<p>Köpfleweg 7<br>A-6991 Riezlern<br>Tel. +43 5517 5677<br>walserheimat@aon.at</p>
</div></div>



<p>Jodok ist seit dem Sommer 2011 Chefredakteur der Walserheimat. Man trifft ihn oft in den Walser Bergen und im Winter in der Loipe.</p>
</div></div>



<hr class="wp-block-separator has-alpha-channel-opacity"/>



<h2 class="wp-block-heading">Redakteure</h2>



<div class="wp-block-group"><div class="wp-block-group__inner-container is-layout-constrained wp-block-group-is-layout-constrained">
<div class="wp-block-media-text is-stacked-on-mobile" style="grid-template-columns:17% auto"><figure class="wp-block-media-text__media"><img loading="lazy" decoding="async" width="150" height="200" src="https://www.vorarlberger-walservereinigung.at/vwvwp/wp-content/uploads/2023/10/Monika_Bischof-150x200-1.jpg" alt="Monika Bischof" class="wp-image-16888 size-full" srcset="https://www.vorarlberger-walservereinigung.at/vwvwp/wp-content/uploads/2023/10/Monika_Bischof-150x200-1.jpg 150w, https://www.vorarlberger-walservereinigung.at/vwvwp/wp-content/uploads/2023/10/Monika_Bischof-150x200-1-113x150.jpg 113w" sizes="auto, (max-width: 150px) 100vw, 150px" /></figure><div class="wp-block-media-text__content">
<h2 class="wp-block-heading">Monika Bischof</h2>



<p>Buchholz 4<br>6731 Sonntag<br>T: +43 664 8916117<br>M: monika@vorarlberger-walservereinigung.at</p>
</div></div>



<p>Monika ist Projektassistentin im Biosphärenpark Management, betreut Schullandwochen und ist Wanderführerin im Großen Walsertal, wandert, fotografiert und liest gerne,…</p>
</div></div>



<hr class="wp-block-separator has-alpha-channel-opacity"/>



<div class="wp-block-group has-background" style="background-color:#c5c5c5"><div class="wp-block-group__inner-container is-layout-constrained wp-block-group-is-layout-constrained">
<div class="wp-block-media-text is-stacked-on-mobile" style="grid-template-columns:17% auto"><figure class="wp-block-media-text__media"><img loading="lazy" decoding="async" width="130" height="152" src="https://www.vorarlberger-walservereinigung.at/vwvwp/wp-content/uploads/2015/07/bieliane.jpg" alt="" class="wp-image-1175 size-full" srcset="https://www.vorarlberger-walservereinigung.at/vwvwp/wp-content/uploads/2015/07/bieliane.jpg 130w, https://www.vorarlberger-walservereinigung.at/vwvwp/wp-content/uploads/2015/07/bieliane-128x150.jpg 128w" sizes="auto, (max-width: 130px) 100vw, 130px" /></figure><div class="wp-block-media-text__content">
<h2 class="wp-block-heading">Eliane Fritz</h2>



<p>Stütze 9<br>A-6993 Mittelberg<br>Mobil +43 650 590 4174<br>eliane911@gmx.d<a href="mailto:eliane911@gmx.de">e</a></p>
</div></div>



<p>Lehrerin Mittel- und Realschule sowie Förderschule. Hobbies: Gedichte schreiben, Sprache und Sprachen, Kunst und Kultur, Fotografieren, Natur</p>



<blockquote class="wp-block-quote is-layout-flow wp-block-quote-is-layout-flow">
<p><em>…mir gfalled buachschtaaba ond was eifache wörtr sääga könned. i mag bsondre texte, bsondre bildle ond bsondre walserheimatheftle. i mischl gäära kreativ mit, wänn mr nämmes eefallt 🙂 walser wurzla mached schtarch, pflänzle waggsa bis i ds düütsche usse. des ischt guat. mal luaga, ob dia pflänzle au allei blüüa könned…</em></p>
</blockquote>
</div></div>



<hr class="wp-block-separator has-alpha-channel-opacity"/>



<div class="wp-block-media-text is-stacked-on-mobile" style="grid-template-columns:17% auto"><figure class="wp-block-media-text__media"><img loading="lazy" decoding="async" width="120" height="150" src="https://www.vorarlberger-walservereinigung.at/vwvwp/wp-content/uploads/2017/01/avatar.jpg" alt="" class="wp-image-10531 size-full"/></figure><div class="wp-block-media-text__content">
<h2 class="wp-block-heading">Birgit Heinrich</h2>



<p>Dorf 26<br>A-6764 Lech<br>T: +43 5583 2213-243<br>M: birgit.heinrich@gemeinde.lech.at</p>
</div></div>



<hr class="wp-block-separator has-alpha-channel-opacity"/>



<div class="wp-block-group has-background" style="background-color:#c5c5c5"><div class="wp-block-group__inner-container is-layout-constrained wp-block-group-is-layout-constrained">
<div class="wp-block-media-text is-stacked-on-mobile" style="grid-template-columns:17% auto"><figure class="wp-block-media-text__media"><img loading="lazy" decoding="async" width="180" height="244" src="https://www.vorarlberger-walservereinigung.at/vwvwp/wp-content/uploads/2015/07/biamanda.jpg" alt="" class="wp-image-1170 size-full" srcset="https://www.vorarlberger-walservereinigung.at/vwvwp/wp-content/uploads/2015/07/biamanda.jpg 180w, https://www.vorarlberger-walservereinigung.at/vwvwp/wp-content/uploads/2015/07/biamanda-111x150.jpg 111w" sizes="auto, (max-width: 180px) 100vw, 180px" /></figure><div class="wp-block-media-text__content">
<h2 class="wp-block-heading">Amanda Nesensohn</h2>



<p>Bonacker 69<br>A-6830 Laterns<br>Tel. +43 5526 288<br>matt.nesensohn@vol.at</p>
</div></div>



<p>Amanda ist Sonderschullehrerin. Ihre Hobbies: Lesen, Handarbeiten, Wandern, Skifahren.</p>



<blockquote class="wp-block-quote is-layout-flow wp-block-quote-is-layout-flow">
<p><em>„Walserin zu sein ist mir wichtig. Es ist gut, Wurzeln zu haben und gemeinsam weiter zu denken und zu erzählen, wie es war und wie es werden könnte.“</em></p>
</blockquote>
</div></div>



<hr class="wp-block-separator has-alpha-channel-opacity"/>



<div class="wp-block-media-text is-stacked-on-mobile" style="grid-template-columns:17% auto"><figure class="wp-block-media-text__media"><img loading="lazy" decoding="async" width="150" height="200" src="https://www.vorarlberger-walservereinigung.at/vwvwp/wp-content/uploads/2023/10/Hubert_Sele_150x200.jpg" alt="Huber Sele" class="wp-image-16945 size-full" srcset="https://www.vorarlberger-walservereinigung.at/vwvwp/wp-content/uploads/2023/10/Hubert_Sele_150x200.jpg 150w, https://www.vorarlberger-walservereinigung.at/vwvwp/wp-content/uploads/2023/10/Hubert_Sele_150x200-113x150.jpg 113w" sizes="auto, (max-width: 150px) 100vw, 150px" /></figure><div class="wp-block-media-text__content">
<h2 class="wp-block-heading">Hubert Sele</h2>



<p>Rotenbodenstrasse 160<br>LI 9497 Triesenberg<br>M: hubert.sele@adon.li</p>
</div></div>

<p>Chefredakteur Jodok Müller B.A. Köpfleweg 7A-6991 RiezlernTel. +43 5517 5677walserheimat@aon.at Jodok ist seit dem Sommer 2011 Chefredakteur der Walserheimat. Man trifft ihn oft in den Walser Bergen und im Winter in der Loipe. Redakteure Monika Bischof Buchholz 46731 SonntagT: +43 664 8916117M: monika@vorarlberger-walservereinigung.at Monika ist Projektassistentin im Biosphärenpark Management, betreut Schullandwochen und ist Wanderführerin im [&#8230;]</p>
