{"id":16909,"date":"2024-03-02T13:35:06","date_gmt":"2024-03-02T12:35:06","guid":{"rendered":"https:\/\/www.vorarlberger-walservereinigung.at\/vwvwp\/?page_id=16909"},"modified":"2024-03-06T16:19:51","modified_gmt":"2024-03-06T15:19:51","slug":"beirat","status":"publish","type":"page","link":"https:\/\/www.vorarlberger-walservereinigung.at\/vwvwp\/beirat\/","title":{"rendered":"Beirat"},"content":{"rendered":"\n<h2 class=\"wp-block-heading\">Stimmberechtigte Beir\u00e4te des Vorstandes<\/h2>\n\n\n\n<div class=\"wp-block-media-text is-stacked-on-mobile has-background\" style=\"background-color:#c5c5c5;grid-template-columns:17% auto\"><figure class=\"wp-block-media-text__media\"><img loading=\"lazy\" decoding=\"async\" width=\"150\" height=\"200\" src=\"https:\/\/www.vorarlberger-walservereinigung.at\/vwvwp\/wp-content\/uploads\/2023\/10\/Thomas_Beck_150x200.jpg\" alt=\"Thomas Beck\" class=\"wp-image-16920 size-full\" srcset=\"https:\/\/www.vorarlberger-walservereinigung.at\/vwvwp\/wp-content\/uploads\/2023\/10\/Thomas_Beck_150x200.jpg 150w, https:\/\/www.vorarlberger-walservereinigung.at\/vwvwp\/wp-content\/uploads\/2023\/10\/Thomas_Beck_150x200-113x150.jpg 113w\" sizes=\"auto, (max-width: 150px) 100vw, 150px\" \/><\/figure><div class=\"wp-block-media-text__content\">\n<h3 class=\"wp-block-heading\">Thomas Beck<\/h3>\n\n\n\n<p>Beirat aus <a href=\"https:\/\/www.vorarlberger-walservereinigung.at\/vwvwp\/brand\/\">Brand<\/a><\/p>\n<\/div><\/div>\n\n\n\n<div class=\"wp-block-media-text is-stacked-on-mobile\" style=\"grid-template-columns:17% auto\"><figure class=\"wp-block-media-text__media\"><img loading=\"lazy\" decoding=\"async\" width=\"150\" height=\"200\" src=\"https:\/\/www.vorarlberger-walservereinigung.at\/vwvwp\/wp-content\/uploads\/2023\/10\/Anita_Doenz_150x200.jpg\" alt=\"Anita D\u00f6nz\" class=\"wp-image-16926 size-full\" srcset=\"https:\/\/www.vorarlberger-walservereinigung.at\/vwvwp\/wp-content\/uploads\/2023\/10\/Anita_Doenz_150x200.jpg 150w, https:\/\/www.vorarlberger-walservereinigung.at\/vwvwp\/wp-content\/uploads\/2023\/10\/Anita_Doenz_150x200-113x150.jpg 113w\" sizes=\"auto, (max-width: 150px) 100vw, 150px\" \/><\/figure><div class=\"wp-block-media-text__content\">\n<h3 class=\"wp-block-heading\">Anita D\u00f6nz<\/h3>\n\n\n\n<p>Beir\u00e4tin aus\u00a0 <a href=\"https:\/\/www.vorarlberger-walservereinigung.at\/vwvwp\/silbertal\/\">Silbertal<\/a><\/p>\n<\/div><\/div>\n\n\n\n<div class=\"wp-block-media-text is-stacked-on-mobile has-background\" style=\"background-color:#c5c5c5;grid-template-columns:17% auto\"><figure class=\"wp-block-media-text__media\"><img loading=\"lazy\" decoding=\"async\" width=\"150\" height=\"200\" src=\"https:\/\/www.vorarlberger-walservereinigung.at\/vwvwp\/wp-content\/uploads\/2023\/10\/Ludwig_Muxel_150x200.jpg\" alt=\"Ludwig Muxel\" class=\"wp-image-16930 size-full\" srcset=\"https:\/\/www.vorarlberger-walservereinigung.at\/vwvwp\/wp-content\/uploads\/2023\/10\/Ludwig_Muxel_150x200.jpg 150w, https:\/\/www.vorarlberger-walservereinigung.at\/vwvwp\/wp-content\/uploads\/2023\/10\/Ludwig_Muxel_150x200-113x150.jpg 113w\" sizes=\"auto, (max-width: 150px) 100vw, 150px\" \/><\/figure><div class=\"wp-block-media-text__content\">\n<h3 class=\"wp-block-heading\">Ludwig Muxel<\/h3>\n\n\n\n<p>Beirat und Ortsvertreter von <a href=\"https:\/\/www.vorarlberger-walservereinigung.at\/vwvwp\/lech\/\">Lech<\/a><\/p>\n\n\n\n<h4 class=\"wp-block-heading\">Kontakt<\/h4>\n\n\n\n<p><em>Omesberg 210<\/em><br><em>6764 Lech<\/em><br><em>T: +43 664 2003166<\/em><\/p>\n<\/div><\/div>\n\n\n\n<div class=\"wp-block-media-text is-stacked-on-mobile\" style=\"grid-template-columns:17% auto\"><figure class=\"wp-block-media-text__media\"><img loading=\"lazy\" decoding=\"async\" width=\"150\" height=\"200\" src=\"https:\/\/www.vorarlberger-walservereinigung.at\/vwvwp\/wp-content\/uploads\/2023\/10\/Dietmar_Walch_150x200.jpg\" alt=\"Dietmar Walch\" class=\"wp-image-16932 size-full\" srcset=\"https:\/\/www.vorarlberger-walservereinigung.at\/vwvwp\/wp-content\/uploads\/2023\/10\/Dietmar_Walch_150x200.jpg 150w, https:\/\/www.vorarlberger-walservereinigung.at\/vwvwp\/wp-content\/uploads\/2023\/10\/Dietmar_Walch_150x200-113x150.jpg 113w\" sizes=\"auto, (max-width: 150px) 100vw, 150px\" \/><\/figure><div class=\"wp-block-media-text__content\">\n<h3 class=\"wp-block-heading\">Dietmar Walch<\/h3>\n\n\n\n<p>Beirat aus <a href=\"https:\/\/www.vorarlberger-walservereinigung.at\/vwvwp\/lech\/\">Lech<\/a><\/p>\n\n\n\n<h4 class=\"wp-block-heading\">Kontakt<\/h4>\n\n\n\n<p><em>Strass 678<\/em><br><em>6764 Lech<\/em><br><em>T: +43 664 588 1778<\/em><br><em>M: dietmar.walch@hoerili.com<\/em><\/p>\n<\/div><\/div>\n","protected":false},"excerpt":{"rendered":"<p>Stimmberechtigte Beir\u00e4te des Vorstandes Thomas Beck Beirat aus Brand Anita D\u00f6nz Beir\u00e4tin aus\u00a0 Silbertal Ludwig Muxel Beirat und Ortsvertreter von Lech Kontakt Omesberg 2106764 LechT: +43 664 2003166 Dietmar Walch Beirat aus Lech Kontakt Strass 6786764 LechT: +43 664 588 1778M: dietmar.walch@hoerili.com<\/p>\n","protected":false},"author":1,"featured_media":0,"parent":0,"menu_order":0,"comment_status":"closed","ping_status":"closed","template":"","meta":{"ngg_post_thumbnail":0,"footnotes":""},"superkategorien":[],"class_list":["post-16909","page","type-page","status-publish","hentry"],"_links":{"self":[{"href":"https:\/\/www.vorarlberger-walservereinigung.at\/vwvwp\/wp-json\/wp\/v2\/pages\/16909","targetHints":{"allow":["GET"]}}],"collection":[{"href":"https:\/\/www.vorarlberger-walservereinigung.at\/vwvwp\/wp-json\/wp\/v2\/pages"}],"about":[{"href":"https:\/\/www.vorarlberger-walservereinigung.at\/vwvwp\/wp-json\/wp\/v2\/types\/page"}],"author":[{"embeddable":true,"href":"https:\/\/www.vorarlberger-walservereinigung.at\/vwvwp\/wp-json\/wp\/v2\/users\/1"}],"replies":[{"embeddable":true,"href":"https:\/\/www.vorarlberger-walservereinigung.at\/vwvwp\/wp-json\/wp\/v2\/comments?post=16909"}],"version-history":[{"count":15,"href":"https:\/\/www.vorarlberger-walservereinigung.at\/vwvwp\/wp-json\/wp\/v2\/pages\/16909\/revisions"}],"predecessor-version":[{"id":18660,"href":"https:\/\/www.vorarlberger-walservereinigung.at\/vwvwp\/wp-json\/wp\/v2\/pages\/16909\/revisions\/18660"}],"wp:attachment":[{"href":"https:\/\/www.vorarlberger-walservereinigung.at\/vwvwp\/wp-json\/wp\/v2\/media?parent=16909"}],"wp:term":[{"taxonomy":"superkategorien","embeddable":true,"href":"https:\/\/www.vorarlberger-walservereinigung.at\/vwvwp\/wp-json\/wp\/v2\/superkategorien?post=16909"}],"curies":[{"name":"wp","href":"https:\/\/api.w.org\/{rel}","templated":true}]}}

<h2 class="wp-block-heading">Stimmberechtigte Beiräte des Vorstandes</h2>



<div class="wp-block-media-text is-stacked-on-mobile has-background" style="background-color:#c5c5c5;grid-template-columns:17% auto"><figure class="wp-block-media-text__media"><img loading="lazy" decoding="async" width="150" height="200" src="https://www.vorarlberger-walservereinigung.at/vwvwp/wp-content/uploads/2023/10/Thomas_Beck_150x200.jpg" alt="Thomas Beck" class="wp-image-16920 size-full" srcset="https://www.vorarlberger-walservereinigung.at/vwvwp/wp-content/uploads/2023/10/Thomas_Beck_150x200.jpg 150w, https://www.vorarlberger-walservereinigung.at/vwvwp/wp-content/uploads/2023/10/Thomas_Beck_150x200-113x150.jpg 113w" sizes="auto, (max-width: 150px) 100vw, 150px" /></figure><div class="wp-block-media-text__content">
<h3 class="wp-block-heading">Thomas Beck</h3>



<p>Beirat aus <a href="https://www.vorarlberger-walservereinigung.at/vwvwp/brand/">Brand</a></p>
</div></div>



<div class="wp-block-media-text is-stacked-on-mobile" style="grid-template-columns:17% auto"><figure class="wp-block-media-text__media"><img loading="lazy" decoding="async" width="150" height="200" src="https://www.vorarlberger-walservereinigung.at/vwvwp/wp-content/uploads/2023/10/Anita_Doenz_150x200.jpg" alt="Anita Dönz" class="wp-image-16926 size-full" srcset="https://www.vorarlberger-walservereinigung.at/vwvwp/wp-content/uploads/2023/10/Anita_Doenz_150x200.jpg 150w, https://www.vorarlberger-walservereinigung.at/vwvwp/wp-content/uploads/2023/10/Anita_Doenz_150x200-113x150.jpg 113w" sizes="auto, (max-width: 150px) 100vw, 150px" /></figure><div class="wp-block-media-text__content">
<h3 class="wp-block-heading">Anita Dönz</h3>



<p>Beirätin aus  <a href="https://www.vorarlberger-walservereinigung.at/vwvwp/silbertal/">Silbertal</a></p>
</div></div>



<div class="wp-block-media-text is-stacked-on-mobile has-background" style="background-color:#c5c5c5;grid-template-columns:17% auto"><figure class="wp-block-media-text__media"><img loading="lazy" decoding="async" width="150" height="200" src="https://www.vorarlberger-walservereinigung.at/vwvwp/wp-content/uploads/2023/10/Ludwig_Muxel_150x200.jpg" alt="Ludwig Muxel" class="wp-image-16930 size-full" srcset="https://www.vorarlberger-walservereinigung.at/vwvwp/wp-content/uploads/2023/10/Ludwig_Muxel_150x200.jpg 150w, https://www.vorarlberger-walservereinigung.at/vwvwp/wp-content/uploads/2023/10/Ludwig_Muxel_150x200-113x150.jpg 113w" sizes="auto, (max-width: 150px) 100vw, 150px" /></figure><div class="wp-block-media-text__content">
<h3 class="wp-block-heading">Ludwig Muxel</h3>



<p>Beirat und Ortsvertreter von <a href="https://www.vorarlberger-walservereinigung.at/vwvwp/lech/">Lech</a></p>



<h4 class="wp-block-heading">Kontakt</h4>



<p><em>Omesberg 210</em><br><em>6764 Lech</em><br><em>T: +43 664 2003166</em></p>
</div></div>



<div class="wp-block-media-text is-stacked-on-mobile" style="grid-template-columns:17% auto"><figure class="wp-block-media-text__media"><img loading="lazy" decoding="async" width="150" height="200" src="https://www.vorarlberger-walservereinigung.at/vwvwp/wp-content/uploads/2023/10/Dietmar_Walch_150x200.jpg" alt="Dietmar Walch" class="wp-image-16932 size-full" srcset="https://www.vorarlberger-walservereinigung.at/vwvwp/wp-content/uploads/2023/10/Dietmar_Walch_150x200.jpg 150w, https://www.vorarlberger-walservereinigung.at/vwvwp/wp-content/uploads/2023/10/Dietmar_Walch_150x200-113x150.jpg 113w" sizes="auto, (max-width: 150px) 100vw, 150px" /></figure><div class="wp-block-media-text__content">
<h3 class="wp-block-heading">Dietmar Walch</h3>



<p>Beirat aus <a href="https://www.vorarlberger-walservereinigung.at/vwvwp/lech/">Lech</a></p>



<h4 class="wp-block-heading">Kontakt</h4>



<p><em>Strass 678</em><br><em>6764 Lech</em><br><em>T: +43 664 588 1778</em><br><em>M: dietmar.walch@hoerili.com</em></p>
</div></div>

<p>Stimmberechtigte Beiräte des Vorstandes Thomas Beck Beirat aus Brand Anita Dönz Beirätin aus  Silbertal Ludwig Muxel Beirat und Ortsvertreter von Lech Kontakt Omesberg 2106764 LechT: +43 664 2003166 Dietmar Walch Beirat aus Lech Kontakt Strass 6786764 LechT: +43 664 588 1778M: dietmar.walch@hoerili.com</p>
